 4 (base 11) in base 4?
10
Convert 17 (base 16) to base 5.
43
Convert 17 (base 10) to base 15.
12
68 (base 13) to base 5
321
Convert -4 (base 5) to base 8.
-4
Convert 100 (base 6) to base 3.
1100
10 (base 7) to base 8
7
What is 101000 (base 2) in base 6?
104
-5 (base 15) to base 13
-5
What is 12 (base 11) in base 2?
1101
What is 14 (base 15) in base 9?
21
12 (base 11) to base 10
13
What is -2 (base 3) in base 13?
-2
-120 (base 3) to base 6
-23
What is -62 (base 10) in base 8?
-76
What is -1 (base 4) in base 7?
-1
Convert 110 (base 2) to base 10.
6
Convert -64 (base 14) to base 10.
-88
What is 0 (base 12) in base 16?
0
-23 (base 12) to base 3
-1000
Convert 0 (base 8) to base 14.
0
Convert -37 (base 10) to base 11.
-34
What is 1110001 (base 2) in base 9?
135
Convert 13 (base 14) to base 2.
10001
Convert 11 (base 2) to base 4.
3
-1 (base 7) to base 13
-1
What is -85 (base 16) in base 10?
-133
50 (base 6) to base 15
20
Convert -22 (base 4) to base 16.
-a
Convert 7 (base 9) to base 11.
7
What is 343 (base 7) in base 6?
454
What is -17 (base 8) in base 14?
-11
Convert 1000001 (base 2) to base 5.
230
Convert -6b (base 13) to base 2.
-1011001
Convert 13 (base 14) to base 16.
11
Convert 32 (base 13) to base 4.
221
-1 (base 11) to base 10
-1
What is -167 (base 12) in base 8?
-337
Convert 5 (base 13) to base 4.
11
1 (base 8) to base 9
1
What is 31 (base 8) in base 7?
34
What is 2202 (base 3) in base 12?
62
-111 (base 4) to base 7
-30
-1011 (base 2) to base 10
-11
3 (base 15) to base 2
11
What is 13 (base 13) in base 2?
10000
1 (base 7) to base 13
1
-1 (base 11) to base 4
-1
20 (base 4) to base 3
22
What is 1 (base 9) in base 14?
1
What is 2 (base 12) in base 2?
10
-2 (base 8) to base 3
-2
What is -454 (base 8) in base 7?
-606
Convert 327 (base 11) to base 15.
1b2
Convert 6b (base 12) to base 13.
65
3 (base 5) to base 13
3
Convert -11 (base 3) to base 15.
-4
Convert 0 (base 4) to base 12.
0
What is 2 (base 15) in base 8?
2
What is 3 (base 4) in base 3?
10
15 (base 16) to base 12
19
What is 4 (base 14) in base 7?
4
What is 11 (base 8) in base 11?
9
Convert -123 (base 10) to base 6.
-323
-2 (base 15) to base 13
-2
What is 17 (base 15) in base 4?
112
-b (base 14) to base 2
-1011
What is -11010111 (base 2) in base 9?
-258
What is -2 (base 12) in base 6?
-2
Convert 6a (base 12) to base 13.
64
Convert 1 (base 5) to base 10.
1
Convert -3 (base 5) to base 12.
-3
-100 (base 2) to base 10
-4
What is 49 (base 13) in base 7?
115
-104 (base 9) to base 6
-221
What is -250 (base 6) in base 7?
-204
What is -d (base 16) in base 7?
-16
Convert -20 (base 4) to base 10.
-8
What is 5 (base 8) in base 13?
5
-14 (base 6) to base 12
-a
Convert 9 (base 11) to base 3.
100
What is -100010001 (base 2) in base 11?
-229
100 (base 3) to base 10
9
What is -110 (base 3) in base 7?
-15
What is 12 (base 9) in base 10?
11
Convert 7 (base 14) to base 7.
10
Convert 154 (base 10) to base 2.
10011010
Convert 1aa (base 11) to base 6.
1041
Convert -96 (base 14) to base 2.
-10000100
What is 3 (base 12) in base 15?
3
65 (base 14) to base 5
324
What is 22 (base 8) in base 4?
102
What is 440 (base 5) in base 6?
320
What is -122 (base 5) in base 14?
-29
Convert -a4 (base 13) to base 11.
-112
Convert -121 (base 6) to base 5.
-144
-2 (base 15) to base 4
-2
Convert 1b (base 13) to base 16.
18
Convert 3 (base 4) to base 9.
3
8 (base 9) to base 15
8
22 (base 3) to base 10
8
Convert -1d (base 16) to base 14.
-21
17 (base 12) to base 4
103
Convert ab (base 12) to base 7.
245
-12 (base 12) to base 13
-11
Convert 13 (base 15) to base 7.
24
Convert -8 (base 14) to base 7.
-11
Convert a (base 15) to base 7.
13
What is -21 (base 3) in base 5?
-12
Convert 30 (base 6) to base 13.
15
a (base 14) to base 11
a
-1 (base 10) to base 16
-1
-34 (base 5) to base 9
-21
Convert 24 (base 12) to base 11.
26
-28 (base 9) to base 7
-35
What is -1222 (base 3) in base 13?
-41
-11 (base 3) to base 14
-4
Convert 210 (base 3) to base 4.
111
1312 (base 4) to base 3
11101
What is -177 (base 8) in base 6?
-331
What is 5 (base 7) in base 12?
5
-10 (base 15) to base 14
-11
Convert -142 (base 7) to base 12.
-67
-102 (base 3) to base 12
-b
What is 2 (base 13) in base 14?
2
-24 (base 6) to base 11
-15
What is 23 (base 8) in base 7?
25
-7 (base 14) to base 16
-7
What is 0 (base 16) in base 3?
0
0 (base 11) to base 9
0
Convert -1300 (base 4) to base 7.
-220
What is 5 (base 15) in base 16?
5
What is 112 (base 4) in base 13?
19
Convert -94 (base 15) to base 9.
-164
What is -1100110 (base 2) in base 16?
-66
What is -15 (base 9) in base 3?
-112
Convert -1010000 (base 2) to base 13.
-62
0 (base 14) to base 5
0
What is 1 (base 2) in base 12?
1
What is -100 (base 3) in base 10?
-9
-2 (base 8) to base 12
-2
-11 (base 6) to base 3
-21
What is -2 (base 15) in base 14?
-2
282 (base 9) to base 3
22202
What is de (base 15) in base 4?
3101
Convert 124 (base 12) to base 15.
b7
What is -3 (base 13) in base 6?
-3
Convert -3 (base 9) to base 5.
-3
-5c (base 13) to base 10
-77
4 (base 8) to base 5
4
Convert 36 (base 14) to base 3.
1210
What is -36 (base 10) in base 3?
-1100
Convert 1 (base 8) to base 14.
1
Convert -144 (base 5) to base 3.
-1211
Convert -3 (base 9) to base 14.
-3
Convert 0 (base 10) to base 5.
0
What is -3 (base 10) in base 3?
-10
Convert 0 (base 10) to base 3.
0
Convert 57 (base 16) to base 12.
73
What is -22202 (base 3) in base 10?
-236
-320 (base 6) to base 16
-78
What is 1030 (base 6) in base 14?
12a
What is -7 (base 16) in base 13?
-7
What is 13 (base 4) in base 15?
7
30 (base 7) to base 5
41
Convert 136 (base 9) to base 11.
a4
What is -10 (base 3) in base 7?
-3
151 (base 7) to base 3
10011
Convert 7 (base 13) to base 11.
7
Convert -11 (base 8) to base 12.
-9
What is 19 (base 12) in base 5?
41
Convert -5 (base 7) to base 4.
-11
-13 (base 7) to base 5
-20
-2 (base 11) to base 7
-2
Convert 1 (base 7) to base 3.
1
46 (base 9) to base 3
1120
-1 (base 15) to base 8
-1
Convert -100100001 (base 2) to base 11.
-243
14 (base 12) to base 11
15
-3 (base 5) to base 10
-3
Convert 44 (base 8) to base 12.
30
What is -2 (base 7) in base 6?
-2
-2120 (base 3) to base 16
-45
-10120 (base 3) to base 13
-75
Convert -11 (base 3) to base 13.
-4
Convert 220 (base 5) to base 7.
114
What is 23 (base 10) in base 3?
212
Convert -35 (base 11) to base 8.
-46
Convert 44 (base 13) to base 16.
38
What is 2 (base 15) in base 3?
2
What is -3 (base 15) in base 5?
-3
What is -1f (base 16) in base 13?
-25
Convert 4 (base 6) to base 3.
11
1100 (base 3) to base 8
44
Convert 0 (base 6) to base 15.
0
Convert 0 (base 2) to base 4.
0
What is 3 (base 8) in base 3?
10
-126 (base 8) to base 5
-321
3 (base 5) to base 10
3
What is -6 (base 14) in base 15?
-6
Convert 12 (base 14) to base 5.
31
3 (base 10) to base 6
3
Convert 113 (base 4) to base 2.
10111
Convert -20 (base 4) to base 6.
-12
What is -93 (base 14) in base 12?
-a9
-54 (base 12) to base 2
-1000000
-11111010 (base 2) to base 11
-208
What is -d (base 16) in base 10?
-13
7c (base 15) to base 11
a7
What is 10011 (base 2) in base 7?
25
What is -332 (base 4) in base 7?
-116
What is -7 (base 11) in base 9?
-7
-414 (base 7) to base 3
-21200
What is -4 (base 13) in base 3?
-11
What is 20 (base 3) in base 7?
6
3 (base 12) to base 9
3
-252 (base 8) to base 5
-1140
Convert -2 (base 14) to base 11.
-2
What is 3133 (base 5) in base 7?
1135
Convert -a3 (base 13) to base 4.
-2011
What is 11110 (base 2) in base 14?
22
Convert -9c (base 16) to base 2.
-10011100
What is 14 (base 14) in base 16?
12
Convert 6e (base 15) to base 9.
125
-1 (base 6) to base 13
-1
What is -9a (base 11) in base 14?
-7b
What is 11 (base 5) in base 8?
6
What is -37 (base 9) in base 2?
-100010
What is 5 (base 15) in base 9?
5
-11011 (base 2) to base 15
-1c
Convert -17 (base 12) to base 11.
-18
-86 (base 12) to base 8
-146
What is 10200 (base 3) in base 15?
69
4 (base 5) to base 13
4
-144 (base 10) to base 8
-220
-10 (base 3) to base 16
-3
153 (base 6) to base 15
49
Convert b5 (base 13) to base 15.
9d
0 (base 2) to base 14
0
Convert -58 (base 11) to base 13.
-4b
Convert -6 (base 9) to base 6.
-10
What is 151 (base 8) in base 4?
1221
What is -2 (base 10) in base 13?
-2
15 (base 11) to base 16
10
-6 (base 11) to base 13
-6
Convert 1 (base 2) to base 15.
1
-11 (base 15) to